{"id":73,"date":"2015-05-09T06:19:16","date_gmt":"2015-05-09T06:19:16","guid":{"rendered":"http:\/\/maciejpiekarski.pl\/?page_id=73"},"modified":"2017-01-31T15:41:04","modified_gmt":"2017-01-31T15:41:04","slug":"publikacje","status":"publish","type":"page","link":"http:\/\/maciejpiekarski.pl\/?page_id=73","title":{"rendered":"Publikacje"},"content":{"rendered":"<p><a href=\"http:\/\/maciejpiekarski.pl\/wp-content\/uploads\/2015\/05\/Syn-dw\u00f3ch-matek_1000.jpg\"><img loading=\"lazy\" decoding=\"async\" class=\"size-medium wp-image-251 alignleft\" src=\"http:\/\/maciejpiekarski.pl\/wp-content\/uploads\/2015\/05\/Syn-dw\u00f3ch-matek_1000-214x300.jpg\" alt=\"Syn-dw\u00f3ch-matek_1000\" width=\"214\" height=\"300\" srcset=\"http:\/\/maciejpiekarski.pl\/wp-content\/uploads\/2015\/05\/Syn-dw\u00f3ch-matek_1000-214x300.jpg 214w, http:\/\/maciejpiekarski.pl\/wp-content\/uploads\/2015\/05\/Syn-dw\u00f3ch-matek_1000.jpg 712w\" sizes=\"auto, (max-width: 214px) 100vw, 214px\" \/><\/a><strong>Tytu\u0142:<\/strong> <a href=\"http:\/\/maciejpiekarski.pl\/?page_id=252\" target=\"_blank\"><strong>Syn dw\u00f3ch matek<\/strong><\/a><br \/>\n<strong>Autor:<\/strong> Ma\u0142gorzata Karolina\u00a0Piekarska, Maciej\u00a0Piekarski<br \/>\n<strong>Wydawnictwo: <\/strong><a href=\"http:\/\/trzeciastrona.pl\/\" target=\"_blank\">Trzecia Strona<\/a><strong><br \/>\nMiejsce wydania:<\/strong> Warszawa 2016<br \/>\n<strong>ISBN:\u00a0<\/strong>978-83-64526-38-1<strong><br \/>\nLiczba stron: <\/strong>250<br \/>\n<strong>Seria:<\/strong> Reporta\u017c! Fakty to nie wszystko<br \/>\n<strong>Ilo\u015b\u0107 stron:<\/strong> 250<br \/>\n<strong>Ilustracje<\/strong><strong>:<\/strong>\u00a0 archiwa rodzinne Ma\u0142gorzaty Karoliny Piekarskiej i Jana Tch\u00f3rza,\u00a0archiwum Muzeum Zamojskiego, archiwum Przedszkola\u00a0Samorz\u0105dowego im. Wandy Cebrykow w Zwierzy\u0144cu<\/p>\n<hr \/>\n<p><strong>Tytu\u0142: <\/strong><strong><a href=\"http:\/\/maciejpiekarski.pl\/?page_id=179\">Samotna plac\u00f3wka<\/a><\/strong><strong><img loading=\"lazy\" decoding=\"async\" class=\"alignright size-medium wp-image-175\" src=\"http:\/\/maciejpiekarski.pl\/wp-content\/uploads\/2015\/05\/samotna-placowka-185x300.jpg\" alt=\"samotna placowka\" width=\"185\" height=\"300\" srcset=\"http:\/\/maciejpiekarski.pl\/wp-content\/uploads\/2015\/05\/samotna-placowka-185x300.jpg 185w, http:\/\/maciejpiekarski.pl\/wp-content\/uploads\/2015\/05\/samotna-placowka.jpg 359w\" sizes=\"auto, (max-width: 185px) 100vw, 185px\" \/><\/strong><br \/>\n<strong>Autor: <\/strong>Maciej Piekarski<br \/>\n<strong>Wydawca:<\/strong> MON<br \/>\n<strong>Miejsce wydania:<\/strong> Warszawa 1989<br \/>\n<strong>ISBN:<\/strong> 83-11-07733-9<br \/>\n<strong>Liczba stron:<\/strong> 360<br \/>\n<strong>Kategoria:<\/strong> dokument<br \/>\n<strong>Format:<\/strong> A5<br \/>\n<strong>Oprawa:<\/strong> mi\u0119kka plus obwoluta<br \/>\n<strong>Ilustracje:<\/strong> fotografie z archiwum autora<\/p>\n<hr \/>\n<p><strong><a href=\"http:\/\/maciejpiekarski.pl\/wp-content\/uploads\/2015\/05\/tak-zapamietalem.jpg\"><img loading=\"lazy\" decoding=\"async\" class=\"alignleft size-medium wp-image-174\" src=\"http:\/\/maciejpiekarski.pl\/wp-content\/uploads\/2015\/05\/tak-zapamietalem-193x300.jpg\" alt=\"tak zapamietalem\" width=\"193\" height=\"300\" srcset=\"http:\/\/maciejpiekarski.pl\/wp-content\/uploads\/2015\/05\/tak-zapamietalem-193x300.jpg 193w, http:\/\/maciejpiekarski.pl\/wp-content\/uploads\/2015\/05\/tak-zapamietalem.jpg 322w\" sizes=\"auto, (max-width: 193px) 100vw, 193px\" \/><\/a>Tytu\u0142: <\/strong><strong><a href=\"http:\/\/maciejpiekarski.pl\/?page_id=177\">Tak zapami\u0119ta\u0142em<\/a><\/strong><br \/>\n<strong>Autor:<\/strong> Maciej Piekarski<br \/>\n<strong>Wydawca:<\/strong> Pa\u0144stwowy Instytut Wydawniczy<br \/>\n<strong>Miejsce wydania:<\/strong> Warszawa 1979<br \/>\n<strong>ISBN:<\/strong> 83-06-00115-X<br \/>\n<strong>Liczba stron:<\/strong> 290<br \/>\n<strong>Kategoria:<\/strong> wspomnienia (seria z syrenk\u0105)<br \/>\n<strong>Format:<\/strong> A5<br \/>\n<strong>Oprawa:<\/strong> twarda plus obwoluta<br \/>\n<strong>Ilustracje:<\/strong> fotografie z archiwum autora<\/p>\n<hr \/>\n<p>&nbsp;<\/p>\n","protected":false},"excerpt":{"rendered":"<p>Tytu\u0142: Syn dw\u00f3ch matek Autor: Ma\u0142gorzata Karolina\u00a0Piekarska, Maciej\u00a0Piekarski Wydawnictwo: Trzecia Strona Miejsce wydania: Warszawa 2016 ISBN:\u00a0978-83-64526-38-1 Liczba stron: 250 Seria: Reporta\u017c! Fakty to nie wszystko Ilo\u015b\u0107 stron: 250 Ilustracje:\u00a0 archiwa rodzinne Ma\u0142gorzaty Karoliny Piekarskiej i Jana Tch\u00f3rza,\u00a0archiwum Muzeum Zamojskiego, archiwum Przedszkola\u00a0Samorz\u0105dowego im. Wandy Cebrykow w Zwierzy\u0144cu Tytu\u0142: Samotna plac\u00f3wka Autor: Maciej Piekarski Wydawca: MON Miejsce &hellip; <a href=\"http:\/\/maciejpiekarski.pl\/?page_id=73\" class=\"more-link\">Czytaj dalej <span class=\"screen-reader-text\">Publikacje<\/span><\/a><\/p>\n","protected":false},"author":1,"featured_media":0,"parent":0,"menu_order":3,"comment_status":"closed","ping_status":"open","template":"","meta":{"footnotes":""},"class_list":["post-73","page","type-page","status-publish","hentry"],"_links":{"self":[{"href":"http:\/\/maciejpiekarski.pl\/index.php?rest_route=\/wp\/v2\/pages\/73","targetHints":{"allow":["GET"]}}],"collection":[{"href":"http:\/\/maciejpiekarski.pl\/index.php?rest_route=\/wp\/v2\/pages"}],"about":[{"href":"http:\/\/maciejpiekarski.pl\/index.php?rest_route=\/wp\/v2\/types\/page"}],"author":[{"embeddable":true,"href":"http:\/\/maciejpiekarski.pl\/index.php?rest_route=\/wp\/v2\/users\/1"}],"replies":[{"embeddable":true,"href":"http:\/\/maciejpiekarski.pl\/index.php?rest_route=%2Fwp%2Fv2%2Fcomments&post=73"}],"version-history":[{"count":16,"href":"http:\/\/maciejpiekarski.pl\/index.php?rest_route=\/wp\/v2\/pages\/73\/revisions"}],"predecessor-version":[{"id":330,"href":"http:\/\/maciejpiekarski.pl\/index.php?rest_route=\/wp\/v2\/pages\/73\/revisions\/330"}],"wp:attachment":[{"href":"http:\/\/maciejpiekarski.pl\/index.php?rest_route=%2Fwp%2Fv2%2Fmedia&parent=73"}],"curies":[{"name":"wp","href":"https:\/\/api.w.org\/{rel}","templated":true}]}}